1). Let m = f - 48. What is the greatest common divisor of 6 and m?
6
Let u be 4/(-14) + 1264/14. Let k(c) = -81*c - 172. Let x be k(8). Let t = x - -829. Calculate the greatest common factor of t and u.
9
Let c(k) be the second derivative of k**4/12 + k**3/2 - 2*k**2 - k. Let z be c(-5). Let q = 71586 - 71532. What is the highest common factor of q and z?
6
Suppose 3*x = 4*p - 16209, -3*p = 2*x - 8622 - 3522. Suppose -7*h = -16*h + p. Calculate the greatest common factor of h and 25.
25
Let u = 3713 + -3568. Calculate the greatest common factor of 125 and u.
5
Let s = -55 + 46. Let v = s + -6. Let n be ((-10)/v)/((-1)/(-3)). What is the highest common divisor of n and 16?
2
Let v(k) = -k**3 + 25*k**2 + 65*k + 3. Let p be v(27). Let a(t) = 10*t**2 - 3*t - 1. Let q be a(-1). What is the greatest common divisor of p and q?
12
Let r(y) be the first derivative of -y**3/3 + 33*y**2/2 + 117*y - 125. Let k be r(36). Calculate the greatest common factor of k and 117.
9
Let d be 6/45*24 - (-34)/(-170). Let k be ((-27)/(-21) + 3)*7. Suppose -d*t = -k + 9. Calculate the highest common factor of 35 and t.
7
Let k(u) = -5*u**2 + 284*u - 14. Let g be k(55). What is the highest common factor of 143 and g?
13
Let p = 13 + -9. Let t = 205 - 152. Suppose -p*z - 1 = -t. What is the greatest common divisor of z and 26?
13
Suppose 2*h - 192 - 32 = 0. Let a = -105 + h. Calculate the greatest common divisor of 217 and a.
7
Let m be 53 + (1 - 10/(-5)). Let g be (12/(-14))/((-16)/m). Calculate the greatest common divisor of 33 and g.
3
Let i be (3/(-2))/((-39)/1456). Suppose -10*g = -367 - 283. Let l = g - i. What is the greatest common divisor of l and 99?
9
Suppose 5 = -50*i + 55*i, 4560 = 2*s + 4*i. What is the greatest common factor of 2144 and s?
134
Let d(v) = 25*v**2 + 15*v - 12. Let u be d(4). Calculate the greatest common factor of u and 320.
64
Let u be (-2)/(-14) - (10 - 999/63). Let m be (-4)/u*6/6*-93. What is the greatest common divisor of m and 62?
62
Suppose 107*o - 208*o + 471872 = 0. What is the highest common divisor of o and 365?
73
Let s = 489 - 457. Let x(w) = w**2 - 37*w + 172. Let g be x(s). Calculate the highest common factor of 576 and g.
12
Let u = 51 + 0. Suppose -4*p + u = -3*z, 0 = 5*p - 0*p - z - 61. Let r be ((-6)/9)/(-1) + 172/p. What is the highest common factor of 3 and r?
3
Let a = -5 + 8. Let q be (-17)/(2 - (0 + a)). Suppose -n - 3*p + 47 = -5, 2*n - 80 = -2*p. What is the greatest common factor of q and n?
17
Suppose 0 = -11*g + 8*g + 18. Let w be 99/g - (-4)/(-8). Let n be ((-2)/4)/(2*(-2)/w). Calculate the greatest common divisor of 10 and n.
2
Let s(c) = 192 + 6204*c + 12 - 6229*c. Let n be s(8). What is the highest common divisor of n and 44?
4
Suppose 1033*c - 23018 - 1398 = 270*c. Let m = -33 - -113. What is the greatest common factor of c and m?
16
Let k = 6321 - 6027. Calculate the greatest common factor of k and 114.
6
Suppose -k = 4*w - 1041, 0 = -4*w - 2*k + 6*k + 1056. Calculate the highest common divisor of w and 29.
29
Suppose 3*r = p - 4, 0 = 4*r - 5*p + 3 + 6. Let v be r/(-1*1/6). What is the greatest common divisor of 8 and v?
2
Let d = -724 - -494. Let y = 272 + d. What is the highest common divisor of y and 6?
6
Let w be 90*-8*19/(-190). Let o = -560 + 1136. What is the highest common divisor of w and o?
72
Let u = 5122 - 5115. Suppose 2*a - j - 691 = 0, 0 = a + a + 2*j - 676. What is the highest common divisor of a and u?
7
Let n be 3/(6/5) + -18*(-74)/(-2664). Let c(z) = 2*z**2 + 4*z + 1. Let r be c(-5). Calculate the highest common factor of n and r.
1
Suppose 8246*a = 8241*a + 10855. What is the highest common factor of 1837 and a?
167
Let j(s) = 0 + 1 + 211*s - 222*s. Let p be j(-1). Suppose -7*t = -p*t + 450. What is the greatest common factor of t and 10?
10
Let p be ((-582)/485*(-145)/4)/((-6)/(-4)). Let a be 6/15 - (-8694)/15. Calculate the highest common divisor of a and p.
29
Let c(t) = -14*t**2 - 142*t - 3. Let o be c(-10). Suppose -2*m = 5*z - 1269, 5*z - m + 54 = 1332. What is the greatest common divisor of z and o?
17
Let d(f) = -f**2 - 37*f + 46. Let k be d(-38). Suppose 2*g - 2*w - 10 = 0, -35 = -5*g - 7*w + 2*w. What is the highest common factor of k and g?
2
Let a(q) = -q**3 - 12*q**2 + 28*q + 2. Let p be a(-14). Suppose -2*y = p*w - 430, 1040 = 5*y + w - 3*w. Calculate the greatest common factor of y and 84.
42
Let w(t) = 85*t + 11876. Let a be w(66). What is the greatest common divisor of a and 28?
14
Let h = -33 - -46. Let c = h - 19. Let i(x) = -x**3 - 5*x**2 + 6*x + 4. Let a be i(c). What is the highest common factor of 12 and a?
4
Suppose 0 = 2*w + 5*w - 70. Suppose w = i + 4*i. Suppose i*f - 124 = -80. Calculate the greatest common factor of f and 242.
22
Let v be ((-42720)/5 + 0)*-2*(-2)/(-8). Calculate the highest common divisor of v and 24.
24
Let h(g) = -g**3 - 35*g**2 + 93*g + 725. Let c be h(-37). What is the greatest common factor of c and 34?
2
Let n = 172 + -172. Suppose n = -5*o - f + 351, 2*f = -0*o + 3*o - 208. What is the greatest common divisor of o and 20?
10
Let t(s) = 2*s**3 + 17*s**2 + 24*s + 5. Let x be t(-6). Suppose 5*u - 1830 = -5*w, -1470 = w - 5*w - 2*u. What is the highest common divisor of w and x?
41
Let s = -195 - -201. Let f be (472/(-56) - s/(-14))*-4. What is the greatest common divisor of f and 80?
16
Suppose q + 2 = 2*w + 37, -16*w = 5*q - 19. What is the highest common divisor of q and 5796?
23
Let q = -28 + 58. Let r be (-66)/8*(-8)/3. Suppose -3*y + r*m - 24*m + 26 = 0, -3*y = -m - 14. Calculate the highest common divisor of q and y.
6
Let y be (262152/8)/11 + -9. Calculate the highest common factor of 90 and y.
90
Let c be 35/((-1050)/(-36))*3920/3. Let p be c/20 - (5 + 92/(-20)). What is the greatest common factor of p and 624?
78
Suppose 10*s - 5*s - 3*d = 1575, 0 = -5*s + 4*d + 1570. Calculate the highest common divisor of 18 and s.
6
Let k(p) = -340*p + 3668. Let b be k(8). Calculate the highest common factor of 204 and b.
12
Let h = 6158 + -5266. What is the highest common divisor of h and 40?
4
Suppose -4*s = 4*n - n - 77, -5*s = 3*n - 97. Let d be ((-9)/4)/((-115)/s + 5). Calculate the highest common divisor of d and 75.
3
Let z = -1796 + 1985. Suppose -4*y + 5*y = 216. Calculate the greatest common factor of z and y.
27
Suppose -128 = -n - 38. Let s be 16/120 + 13016/30. Suppose 26*r - 502 - s = 0. Calculate the highest common divisor of r and n.
18
Let j = 1344 - 1339. Suppose -3*m - 6 = -5*m. Suppose 1 = 2*x + 5*t, j*t - m*t - 10 = -2*x. What is the greatest common factor of 4 and x?
4
Let m(n) = -9*n - 10*n + 13 + 18*n. Let h be m(7). Let r = 27 - h. Calculate the highest common divisor of r and 231.
21
Let x(n) = n**2 + 72*n + 1315. Let m be x(-46). Calculate the highest common factor of m and 17.
17
Let v = -1640 + 2018. Let u = 5 + 9. Calculate the highest common factor of u and v.
14
Let p(c) = 2*c + 98. Let q be p(-27). Let s(l) = 9*l**2 + 50*l - 2. Let r be s(-6). What is the greatest common factor of q and r?
22
Let x be -2 + (-72)/(-34) + (-5658442)/(-1513). What is the greatest common divisor of 255 and x?
85
Let s = -283 - -285. Suppose 3*v - s*f - 448 = -120, -4*v + 445 = 5*f. Calculate the greatest common factor of v and 44.
22
Suppose 52 = d + 4*a, a + 308 = 4*d - 3*a. Let v = 75 - d. Suppose 3*m + 0*m + v*h = 585, 2*h = -5*m + 966. Calculate the greatest common divisor of 24 and m.
24
Suppose -59 = -3*c + l, 4*l = -6*c + 9*c - 56. Calculate the greatest common divisor of 2620 and c.
20
Suppose n + 3*w + 4 = -11, 51 = -3*n - 3*w. Let l be (-10 + (4 - 3))/(n/408). Calculate the highest common factor of 12 and l.
12
Let m(l) = l**2 - 8*l - 11. Let r be m(-11). Suppose 3*y = r - 96. Let b be -2 - -19*(-1 + 2). What is the greatest common divisor of b and y?
17
Let n(p) be the first derivative of 13*p**2/2 - 84*p - 26. Let g be n(7). Calculate the greatest common factor of 161 and g.
7
Suppose -7*t + 1442 = 322. Suppose 0 = -9*f - f + t. What is the highest common divisor of f and 28?
4
Let b(m) = -4*m + 38. Suppose 5*a = 4*i + 28, 2*a - 19 = i - 2*i. Let t be b(a). Calculate the greatest common factor of t and 318.
6
Let y be 6/(-2)*(-16)/12. Suppose y*x + 51 = 2*z - 61, -3*x = 9. What is the highest common divisor of z and